*q + 14. Calculate w(8).
46
Let s(h) = -h**3 - 17*h**2 - 2*h - 22. Determine s(-17).
12
Let r(g) = -g - 8. Calculate r(-6).
-2
Let g(i) = 5*i - 12. Give g(-5).
-37
Let a(d) = -d**2 - 8*d - 15. Determine a(-7).
-8
Let q(d) = -d**3 - 25*d**2 + 25*d - 23. What is q(-26)?
3
Let c(q) = -q**3 - 7*q**2 - 16*q - 12. Calculate c(-5).
18
Let v(a) = -a**3 - 2*a**2 + 3*a - 2. Give v(1).
-2
Let t(v) = 4*v**2 + 24*v + 5. What is t(-6)?
5
Let o(b) = -b**3 - b**2 - 23. What is o(0)?
-23
Let c(y) = -y - 4. Calculate c(5).
-9
Let y(d) = 2*d - 12. Give y(7).
2
Let y(t) = -137*t - 134. Give y(-1).
3
Let t(h) = h - 12. What is t(2)?
-10
Let p(x) = x**2 + 11*x - 32. Calculate p(-16).
48
Let o(p) = -6*p - 4. Calculate o(-7).
38
Let d(p) = 8*p**3 - 2*p**2 - 2*p - 1. Determine d(-1).
-9
Let s(n) = 7*n - 16. Calculate s(-4).
-44
Let k(l) = -3*l**3 + 2*l**2 - l + 11. Calculate k(3).
-55
Let t(g) = 17*g**2 - g. Calculate t(1).
16
Let j(l) = -l + 8. Calculate j(4).
4
Let k(p) = -2*p**2 - 8*p - 6. Calculate k(-4).
-6
Let t(s) = -s**2 + 20*s - 78. Calculate t(7).
13
Let v(p) = 5*p - 1. Give v(1).
4
Let g(u) = 3*u**3 - 17*u**2 + 4*u + 16. Calculate g(5).
-14
Let d(w) = 24*w - 149. Give d(6).
-5
Let p(h) = -7*h - 36. Give p(-5).
-1
Let b(y) = -y**3 + 21*y**2 - 87*y - 43. Calculate b(15).
2
Let o(u) = u**2 + 12*u + 15. What is o(-11)?
4
Let f(b) = -b - 7. Calculate f(8).
-15
Let t(g) = -g + 6. Calculate t(3).
3
Let v(o) = -o**2 + 1. Determine v(3).
-8
Let w(v) = -v**2 + 31*v - 223. What is w(19)?
5
Let g(f) = 4*f + 20. Calculate g(-7).
-8
Let q(w) = -w**3 - 5*w**2 - 8*w + 3. Determine q(-4).
19
Let n(q) = 2*q**2 - 75*q + 104. Calculate n(36).
-4
Let d(a) = -a**2 - 2*a - 8. Give d(-4).
-16
Let n(q) = -2*q - 29. Calculate n(-14).
-1
Let l(s) = s**3 + 13*s**2 + 13*s + 2. What is l(-12)?
-10
Let z(f) = 7*f - 22. What is z(5)?
13
Let f(l) = -43*l - 1119. Calculate f(-26).
-1
Let c(w) = w**2 - 4*w - 7. What is c(-4)?
25
Let f(d) = 5*d - 26. Give f(15).
49
Let h(j) = -j**2 - 12*j + 2. Determine h(-13).
-11
Let x(d) = 12*d**3 - 3*d - 2. Calculate x(-1).
-11
Let n(t) = -t**2 + 2*t - 4. What is n(3)?
-7
Let y(k) = -4*k - 2. What is y(-3)?
10
Let l(s) = s**3 - 9*s**2 + 10*s - 1. Determine l(8).
15
Let t(d) = 6*d + 34. Determine t(-7).
-8
Let v(i) = -7*i**2 + 7*i + 39. Give v(-4).
-101
Let q(n) = -n**3 + 7*n**2 - 10*n + 17. Determine q(6).
-7
Let z(h) = -2*h - 39. What is z(15)?
-69
Let f(p) = p**2 + 9*p - 3. What is f(-7)?
-17
Let g(m) = -15*m - 3. Determine g(0).
-3
Let s(m) = m + 9. Give s(-8).
1
Let r(p) = -p**3 + 2*p**2 + p + 1. Determine r(2).
3
Let h(i) = -i**3 - 22*i**2 - 37*i + 73. Calculate h(-20).
13
Let w(c) = 46*c + 68. Calculate w(-2).
-24
Let l(q) = 2*q + 46. Give l(-7).
32
Let m(n) = n**2 - 8. Give m(-5).
17
Let j(k) = k**3 + 50*k**2 + 50*k + 47. Determine j(-49).
-2
Let k(n) = 4*n**2 - 81*n + 99. Determine k(19).
4
Let f(y) = -35*y**2 - 3*y + 3. Give f(1).
-35
Let s(k) = 4*k + 41. What is s(-12)?
-7
Let v(h) = 6*h - 22. Calculate v(4).
2
Let p(c) = c**2 + 11*c - 22. Give p(-13).
4
Let u(l) = -l**3 + 12*l**2 - 25*l - 15. Give u(9).
3
Let k(n) = -10*n**2 + 33*n. What is k(3)?
9
Let t(g) = -2*g - 22. Determine t(-4).
-14
Let g(z) = z**3 + 3*z**2 + z + 20. Calculate g(-4).
0
Let n(s) = -2*s**3 - 19*s**2 - 11*s - 21. Give n(-9).
-3
Let k(f) = -f**2 - 38*f - 63. Give k(-36).
9
Let m(w) = -w**2 + 13*w - 16. Determine m(12).
-4
Let b(n) = n**2 - 4*n - 1. What is b(-4)?
31
Let r(k) = 3*k**3 + 19*k**2 - 5*k - 53. Determine r(-6).
13
Let u(y) = 3*y**2 + 29*y + 15. Determine u(-12).
99
Let x(d) = -d + 1. What is x(-7)?
8
Let p(b) = b**3 + 31*b**2 - 30*b + 40. Give p(-32).
-24
Let n(a) = a**3 - 16*a**2 - 16. Determine n(16).
-16
Let y(g) = g - 40. Give y(17).
-23
Let v(y) = -y**2 + 8*y - 15. Give v(10).
-35
Let l(f) = f**2 + f - 2. Determine l(1).
0
Let c(p) = 3*p - 2. Determine c(7).
19
Let u(i) = -i**2 - 2*i + 4. Determine u(-4).
-4
Let j(p) = 7*p - 59. Give j(9).
4
Let q(l) = 17*l + 36. Give q(-2).
2
Let x(p) = p**2 - 2*p - 3. Determine x(3).
0
Let o(j) = j**2 + 13*j + 12. What is o(-11)?
-10
Let f(g) = g**2 - 11*g + 24. Calculate f(4).
-4
Let z(g) = -2*g**3 - 2*g**2 - 2*g - 3. Give z(-2).
9
Let n(j) = j**3 - 21*j**2 - 4*j + 52. Give n(21).
-32
Let t(r) = r**3 - 15*r**2 - 2*r + 3. Calculate t(15).
-27
Let d(j) = -j**2 + 12*j + 50. Give d(16).
-14
Let g(w) = w**3 - 2*w**2 - w - 1. Determine g(2).
-3
Let q(j) = -2*j + 6. Give q(-5).
16
Let s(f) = 2*f**3 + 5*f**2 - 3*f - 2. What is s(-5)?
-112
Let d(q) = -5*q - 34. Calculate d(-9).
11
Let d(m) = m**2 + 22*m + 35. Give d(-20).
-5
Let z(l) = 3*l + 54. Calculate z(-12).
18
Let j(p) = -4*p + 17. What is j(5)?
-3
Let r(i) = 20*i + 3. What is r(-3)?
-57
Let r(n) = -6*n**3 + 2*n**2 + 2*n - 1. Calculate r(-1).
5
Let j(m) = m**3 + 50*m**2 - 47*m + 201. Calculate j(-51).
-3
Let i(j) = -j**3 + 9*j**2 - 11*j + 6. What is i(5)?
51
Let m(v) = v**2 - 6*v + 5. What is m(6)?
5
Let r(d) = 3*d**2 - 3*d - 2. Determine r(-2).
16
Let v(d) = -d**2 + 21*d + 8. What is v(20)?
28
Let p(i) = i**2 + i - 11. What is p(3)?
1
Let j(c) = -3*c**2 - c - 2. Determine j(1).
-6
Let b(s) = -s**3 - 3*s**2 - 3*s + 2. Calculate b(-4).
30
Let j(c) = c - 8. What is j(5)?
-3
Let f(k) = -3*k - 4. Calculate f(-15).
41
Let z(m) = -m**2 + 6*m + 5. What is z(5)?
10
Let c(m) = -5*m**3 + 12*m**2. Calculate c(3).
-27
Let p(n) = -2*n**2 + 4*n + 3. Calculate p(-2).
-13
Let s(l) = -2*l + 6. Calculate s(4).
-2
Let y(j) = -29*j**2 - 3*j + 3. Calculate y(1).
-29
Let d(h) = -h**2 - 4*h + 19. Determine d(-7).
-2
Let n(f) = -f**2 + 2*f - 1. Give n(2).
-1
Let m(x) = -x**2 + 3. Calculate m(6).
-33
Let x(h) = -15*h - 134. Determine x(-9).
1
Let v(g) = 13*g - 1. Determine v(3).
38
Let i(c) = 2*c + 9. Determine i(3).
15
Let c(l) = -2*l**2 - l + 46. Calculate c(-5).
1
Let g(y) = -y**2 - 13*y + 75. Determine g(-17).
7
Let d(r) = r**2 - 7*r + 5. What is d(5)?
-5
Let c(p) = 5*p**2 - 5. Give c(-4).
75
Let p(b) = 22*b + 156. Determine p(-7).
2
Let l(o) = 4*o**3 - 4*o**2 - o + 2. What is l(3)?
71
Let g(w) = w**2 + 7*w + 9. Give g(-5).
-1
Let y(r) = r**2 + 21*r - 19. What is y(-22)?
3
Let u(r) = -3*r**3 + 32*r**2 - 16*r - 43. Calculate u(10).
-3
Let x(p) = -3*p - 31. Give x(-12).
5
Let p(s) = -s**2 + 75*s - 589. What is p(9)?
5
Let v(h) = -13*h - 75. What is v(-5)?
-10
Let b(g) = -g**3 + 4*g**2 + 5*g + 1. Determine b(4).
21
Let s(y) = -y**3 - 12*y**2 + 33*y + 8. Calculate s(-14).
-62
Let a(z) = -37*z - 669. Give a(-18).
-3
Let p(q) = -q - 9. Give p(-10).
1
Let v(y) = 2*y**2 - 3*y - 22. Determine v(9).
113
Let w(d) = -10*d - 247. Calculate w(-24).
-7
Let q(l) = l**2 - 11*l - 7. Determine q(7).
-35
Let g(m) = m**2 + 5*m - 3. Give g(-5).
-3
Let n(f) = 11*f**2 + 230*f - 29. Determine n(-21).
-8
Let n(u) = -13*u - 143. What is n(-10)?
-13
Let j(g) = 2*g + 1. Calculate j(-3).
-5
Let o(j) = -38*j**2 + j + 1. Calculate o(-1).
-38
Let b(x) = x**3 + 9*x**2 - 8*x + 15. Calculate b(-10).
-5
Let i(u) = -15*u + 210. Determine i(15).
-15
Let y(a) = 8*a + 109. Give y(-18).
-35
Let b(w) = -5*w. Determine b(6).
-30
Let h(m) = -2*m - 52. Calculate h(-29).
6
Let u(a) = -a**2 + 25*a - 91. What is u(15)?
59
Let f(i) = -i**3 - 5*i**2 + 5*i + 7. Determine f(-5).
-18
Let l(b) = 2*b**2 - 10*b + 4. Give l(6).
16
Let t(u) = -17*u - 3. Calculate t(7).
-122
Let k(j) = -j**3 + 3*j**2 - 3*j + 5. Determine k(2).
3
Let v(w) = w**3 + 9*w**2 + 5*w - 4. Give v(-8).
20
Let x(m) = m**3 - 20*m**2 + m - 27. Give x(20).
-7
Let t(a) = 2*a**2 + 19*a - 8. Calculate t(-10).
2
Let i(l) = l**2 - 2*l - 27. What is i(7)?
8
Let z(w) = 3*w**2 - 8*w - 1. Calculate z(4).
15
Let o(c) = -c**2 + 5*c - 5. What is o(5)?
-5
Let i(u) = u**2 + 3*u + 5. Calculate i(-2).
3
Let u(b) = -26*b + 62. Calculate u(3).
-16
Let a(t) = 16*t**2 - 2*t + 1. Determine a(1).
15
Let c(l) = -l**2 + 12*l - 38. Calculate c(7).
-3
Let k(t) = -t**2 + 5*t + 37. Calculate k(0).
37
Let t(c) = -4*c**3 + 13*c**2 + 2*c + 7. What is t(4)?
-33
Let q(o) = -3*o**2 - 96*o - 90. Determine q(-31).
3
Let h(x) = 9*x**3 - 2*x**2 - 3*x - 1. Give h(-1).
-9
Let p(i) = -i - 6. Calculate p(-9).
3
Let r(v) = -53*v - 632. Calculate r(-12).
4
Let c(a) = -2*a**2 + 4. Give c(5).
-46
Let x(s) = s**2 - 16*s - 43. Calculate x(17).
-26
Let p(g) = -g**2 - 2*g + 5. What is p(-3)?
2
Let j(t) = -4*t + 1. Give j(7).
-27